pose 3*q = j + 262, 3*j + 188 + 563 = 2*q. Let u = -233 - j. What is the tens digit of u?
1
Let p(y) = -8*y**3 - 12*y**2 - 65*y + 11. What is the thousands digit of p(-5)?
1
Let m(y) = -4*y**3 - 9*y**2 - 6*y - 1. Let g be m(-4). Let v be (84/9)/2*g. Suppose -5*s = -o + 64 + 92, -5*s + v = 5*o. What is the units digit of o?
1
Suppose 10*p - 59 - 21 = 0. Suppose -p*a + 1320 = -2*a. What is the units digit of a?
0
What is the hundreds digit of 48754 + (-168)/(-48)*4/14?
7
Let l(h) = h**3 - 19*h**2 - 53*h + 210. What is the tens digit of l(32)?
2
Suppose -5*u - 4*a - 87 = 0, -36 + 0 = 2*u + 2*a. Let m be 2/3 + (-2 - 65/u). Suppose 5*i + m*v - 196 = 100, -2*i + 122 = 3*v. What is the tens digit of i?
5
Suppose 2*i + 6 = -0*i, -3*i - 7 = -n. What is the tens digit of -1*(n + 64/(-2))?
3
Let f(b) = b**3 - 19*b**2 - 19*b - 18. Let v be -5 + 1 + 7 - -17. Let c be f(v). Suppose 52 + 12 = c*w. What is the tens digit of w?
3
Suppose -f - 2*d + 5236 = 0, -d + 4846 = 5*f - 21379. What is the thousands digit of f?
5
Let s(f) = 1759*f - 4893. What is the units digit of s(14)?
3
Let c(k) = 44*k + 267. Let m be c(-6). What is the units digit of 1/(m/18) + 1513?
9
Let k = -612 - -916. Let v = k - -12. What is the units digit of v?
6
Let m(d) = d**3 + 35*d**2 - 41*d - 36. What is the units digit of m(-31)?
9
Let t be ((-77)/11 - -6)/((-1)/409). Suppose -2*q = -t - 465. What is the units digit of q?
7
Let p(r) = -r + 1. Let m(g) = 18*g - 34 + 24*g - 22*g + g**2. Let j(d) = m(d) + 3*p(d). What is the hundreds digit of j(-24)?
1
Suppose -4*i - 4 = -5*d - 7*i, -d - 5*i - 8 = 0. Suppose d*g + 5*z + 0 = -9, 5 = -z. What is the units digit of g/6*(2 + 55/1)?
6
Suppose 2*c - 5875 = 736 + 4321. What is the hundreds digit of c?
4
Let n = -84 - -78. Let w be (519/n)/(4/(-40)). Suppose 0 = -5*i - 0*i + w. What is the hundreds digit of i?
1
Let c(m) = 2*m**2 - m - 5. Let j be c(-2). Suppose 75 = j*f - 35. What is the units digit of f?
2
What is the units digit of (283375/(-125))/((-2)/10)?
5
Let l(f) = 3*f - 10. Let z be l(3). What is the tens digit of 301*(-8 - -12 - (z - -3))?
0
Suppose -4*a - 16 = -2*m + 2, 3*a = m - 11. Let l be 6 - ((-3)/a + (-4)/8). Suppose -2*b = 2*k - 88, l*k + 0*k + 5 = 0. What is the units digit of b?
5
Let s(m) = -383*m**3 - 9*m**2 - 15*m + 29. What is the tens digit of s(-3)?
3
Let i = 0 + 7. Let o(u) = 2 - i - 3 - u**2 + 21 - 17*u. What is the units digit of o(-8)?
5
Let n(g) = -g**3 - 5*g**2 + 7*g - 10. Let h be n(-6). Let s = h - -16. Suppose 6*q - 510 = -s*q. What is the tens digit of q?
8
Let n be -11*(54/66)/(-9). What is the tens digit of (n - -4) + 3*91?
7
Let k be -2 - ((-102)/(-9) - 1/3). Let u(p) = 3*p**2 + 6*p + 23. What is the tens digit of u(k)?
5
Suppose 0 = -200*p + 205*p + 175780. What is the units digit of p/(-30) + (-13)/((-2730)/28)?
2
Let a(l) be the third derivative of l**7/720 - 7*l**6/720 + l**5/15 + 14*l**2. Let c(g) be the third derivative of a(g). What is the tens digit of c(7)?
4
Suppose 36067 = 3*i - y, -24030 = -2*i - 14*y - 0*y. What is the ten thousands digit of i?
1
Let p(m) = 42*m + 109. Let n(x) = x**3 - 7*x**2 + 11*x + 11. Let d be n(5). What is the tens digit of p(d)?
8
Suppose o + 3*z = 148, 0 = -4*o + 3*o - z + 146. Suppose -62*u = -61*u - o. What is the hundreds digit of u?
1
Suppose -t - u + 1324 = -1294, 0 = 2*t - 3*u - 5226. Suppose -74*l + 78*l = t. What is the hundreds digit of l?
6
Suppose 4*c + 25*r - 21*r = 1888, 0 = 2*c - 2*r - 948. Let o = c + 446. What is the units digit of o?
9
Let y(t) = t**3 - 17*t**2 + 28*t + 31. Let l be y(15). What is the units digit of 5 + 7845/90 + l/(-6)?
2
Let i = 4383 + -2800. What is the thousands digit of i?
1
Let k = 53623 + -18174. What is the thousands digit of k?
5
Suppose 4*j = -4*w - 4, -3*w + 2*j + 9 = -8. Let k = w + 4. Suppose 0 = 3*d - 299 - k. What is the units digit of d?
2
Suppose 2*s + 4*k + 26 = 5*s, s = 2*k + 12. Suppose 5 = s*x - 5. Suppose -x*u = 2*l - 289 - 147, 95 = u + 3*l. What is the units digit of u?
6
Suppose 15 = 6*o - 3*o - 3*c, -2*o = -5*c - 19. Suppose -b + 1563 = -4*m, -3165 = -o*b + 2*m - 7*m. What is the thousands digit of b?
1
Suppose o - 1218 = -5*o. Suppose -4 = -4*u, 555 = 2*p + 2*u + o. What is the units digit of p?
5
Suppose 0*d - 8*d + 48 = 0. Suppose 161 = d*l - 241. Suppose t + 4 = l. What is the tens digit of t?
6
Let d be (2 + 0)*(-367)/(-2). Let q = 684 + -684. Suppose 3*g - 225 = -3*p, 5*g - 3*p + 4*p - d = q. What is the tens digit of g?
7
Let p = -1228 - -3105. Suppose -c = -5*l + 893 + 976, 5*l = 3*c + p. Suppose 0 = 4*d - l + 129. What is the units digit of d?
1
Let q(j) = -354*j - 598. What is the units digit of q(-11)?
6
What is the hundreds digit of 4388 + (1 - (0 - -1))/(9 - 11)?
3
Let d be (-14)/(-28) - -1*2/(-4). Suppose -2*s - 11*s + 4290 = d. What is the units digit of s?
0
Suppose 19 = -3*i - s, 4*i + 5*s + 5 = -13. What is the tens digit of -9 + (-7968)/(28/i)?
8
Let q(l) = l**3 - 8*l**2 + 4. Let a be q(8). Suppose a*x + 2*x = 54. Suppose 665 = -4*t + x*t. What is the tens digit of t?
3
Suppose -m - 7*g + 440 = -8*g, -4*m = g - 1765. Suppose -33*d - 5*f + m = -32*d, 3*d - 1283 = 5*f. What is the tens digit of d?
3
Let p = -6468 - -7753. What is the hundreds digit of p?
2
Let b = 78 + -68. Suppose 88 = 14*u - b*u. What is the tens digit of u - (0 - (-3 + 3))?
2
What is the thousands digit of (-9 + (1 - (-2613)/6*5))*34?
3
Suppose 3*d + 2*b = 67012, 3*d + 5*b - 51568 = 15459. What is the thousands digit of d?
2
Suppose 61*q - 57*q + 696 = 0. Let b = -110 - q. Let t = 127 + b. What is the tens digit of t?
9
Let b(h) = 399*h - 63. Let y be b(9). Suppose 16540 = 29*z - y. What is the hundreds digit of z?
6
Let r be (3 - -3 - 3)/((-54)/198). What is the units digit of ((-721)/(-3))/(r/(-66))?
2
Let c = 601 + -222. Let o = -344 + c. What is the units digit of o?
5
Let u(o) = -87*o**2 - 3*o + 8. Let g(x) = 88*x**2 + 3*x - 7. Let j(c) = 3*g(c) + 2*u(c). What is the tens digit of j(-3)?
9
Let g(b) = -102*b - 7. Let n be g(2). Suppose -7*x + x - 1956 = 0. Let y = n - x. What is the tens digit of y?
1
Let j(k) = -3*k**2 - 58*k - 30. Let r be j(-17). Suppose -792 = -19*z - r. What is the units digit of z?
7
Let k(l) = 12*l**2 + 229*l + 89. What is the ten thousands digit of k(-40)?
1
Suppose 2*d + 14*i = 9*i + 6093, 0 = 2*i - 6. What is the tens digit of d?
3
Suppose -o - 5*a + 35572 = 0, -44327 = -5*o + 5*a + 133563. What is the tens digit of o?
7
Let q(g) = 5*g - g**2 - 13 - 20 + 11. Let b be q(-6). Let d = 24 - b. What is the tens digit of d?
1
Let h(g) = 2*g**2 - 23*g + 16. Let t be h(11). Suppose 18 = i + t. What is the tens digit of i?
1
Let v = -3829 + 31099. What is the thousands digit of v?
7
Suppose 5*z + 1745 - 60 = 0. Let i = 645 + z. What is the tens digit of i?
0
Let f be (13/3)/((5/(-21))/(-5)). Suppose 0 = -2*g - 4*n + 110 - 10, -5*n = -2*g + f. Suppose -2*c = g - 80. What is the tens digit of c?
1
Let p = -23 - -35. Let r = p - 16. Let w(a) = -26*a - 2. What is the hundreds digit of w(r)?
1
Let t(m) = 0*m**3 + m**3 + m - 18391*m**2 + 950 + 18389*m**2. What is the tens digit of t(0)?
5
Let y = 425 + -422. Suppose c + 10*f - 5*f - 661 = 0, 2575 = 4*c - y*f. What is the hundreds digit of c?
6
What is the ten thousands digit of (-20326)/8*37/(148/(-16))?
1
Let k = 2885 - 1865. Let f = k + -191. What is the units digit of f?
9
Let c = 8141 - 3841. What is the units digit of c?
0
Let a be 3 + ((-513)/(-8) - 5/40). Let g = 63 - a. What is the units digit of -3*(g + (-776)/12 + -4)?
8
Let w(c) = -c**3 + 21*c**2 + 3*c - 63. Let s be w(21). Suppose -x + 2*j + 810 = s, -5*x + j - 6*j = -3975. What is the tens digit of x?
0
What is the units digit of ((-64)/8 + 17)*186?
4
Let n = 338 + -323. Suppose -6578 = 4*i - n*i. What is the units digit of i?
8
Let z(c) be the first derivative of c**4/4 + 17*c**3/3 + 12*c**2 - 2*c - 116. What is the units digit of z(-10)?
8
Let a(p) = -4*p**3 - 10*p**2 + 12*p - 3. Let d be a(-8). Suppose d = 6*n - 1481. What is the hundreds digit of n?
4
Let p(y) be the third derivative of -y**6/60 - y**5/5 - y**4/8 - 5*y**3/3 - 11*y**2. Let r be p(-6). Suppose -4*x + r*x - 8 = 0. What is the units digit of x?
2
Let v(l) = 13*l - 13. Let r be v(1). Suppose r = -28*q + 6*q + 30338. What is th